{"id":239,"date":"2022-06-23T14:21:06","date_gmt":"2022-06-23T17:21:06","guid":{"rendered":"https:\/\/sbera.org.br\/novo\/?page_id=239"},"modified":"2026-02-03T21:10:56","modified_gmt":"2026-02-04T00:10:56","slug":"forum-sul-brasileiro-de-biogas-e-biometano","status":"publish","type":"page","link":"https:\/\/sbera.org.br\/novo\/forum-sul-brasileiro-de-biogas-e-biometano\/","title":{"rendered":"F\u00f3rum Sul Brasileiro de Biog\u00e1s e Biometano"},"content":{"rendered":"\n<div class=\"wp-block-columns is-layout-flex wp-container-core-columns-is-layout-9d6595d7 wp-block-columns-is-layout-flex\">\n<div class=\"wp-block-column is-layout-flow wp-block-column-is-layout-flow\" style=\"flex-basis:33.33%\">\n<figure class=\"wp-block-gallery has-nested-images columns-default is-cropped wp-block-gallery-1 is-layout-flex wp-block-gallery-is-layout-flex\">\n<figure class=\"wp-block-image size-large\"><img loading=\"lazy\" decoding=\"async\" width=\"1024\" height=\"496\" data-id=\"1157\" src=\"https:\/\/sbera.org.br\/novo\/wp-content\/uploads\/2026\/02\/8FSBBB_FUNDOS-CLAROS-1-1024x496.png\" alt=\"\" class=\"wp-image-1157\" srcset=\"https:\/\/sbera.org.br\/novo\/wp-content\/uploads\/2026\/02\/8FSBBB_FUNDOS-CLAROS-1-1024x496.png 1024w, https:\/\/sbera.org.br\/novo\/wp-content\/uploads\/2026\/02\/8FSBBB_FUNDOS-CLAROS-1-300x145.png 300w, https:\/\/sbera.org.br\/novo\/wp-content\/uploads\/2026\/02\/8FSBBB_FUNDOS-CLAROS-1-768x372.png 768w, https:\/\/sbera.org.br\/novo\/wp-content\/uploads\/2026\/02\/8FSBBB_FUNDOS-CLAROS-1-1536x745.png 1536w, https:\/\/sbera.org.br\/novo\/wp-content\/uploads\/2026\/02\/8FSBBB_FUNDOS-CLAROS-1-2048x993.png 2048w\" sizes=\"auto, (max-width: 1024px) 100vw, 1024px\" \/><\/figure>\n<\/figure>\n<\/div>\n\n\n\n<div class=\"wp-block-column is-layout-flow wp-block-column-is-layout-flow\" style=\"flex-basis:66.66%\">\n<p class=\"has-text-align-center\">O objetivo do F\u00f3rum \u00e9 contribuir para o desenvolvimento da cadeia de biog\u00e1s e biometano nos estados do Rio Grande do Sul, Santa Catarina e Paran\u00e1, como tamb\u00e9m em todo o pa\u00eds.&nbsp;Nossa miss\u00e3o \u00e9 criar um espa\u00e7o de discuss\u00e3o, promover boas conex\u00f5es, compartilhar tend\u00eancias do setor,&nbsp; e gerar mais neg\u00f3cios, desenvolvimento e sustentabilidade.<\/p>\n\n\n\n<p class=\"has-text-align-center\">Consolidado como um espa\u00e7o para promo\u00e7\u00e3o de parcerias, o F\u00f3rum re\u00fane na plen\u00e1ria um time de especialistas que v\u00e3o pautar um debate com amplo espa\u00e7o \u00e0 participa\u00e7\u00e3o do p\u00fablico. Paralelo \u00e0 programa\u00e7\u00e3o de plen\u00e1rias, o Espa\u00e7o de Neg\u00f3cios, os&nbsp;<em>coffee breaks<\/em>&nbsp;e o&nbsp;<em>happy hour<\/em>&nbsp;promovem o encontro produtivo entre os diversos agentes da cadeia de biog\u00e1s e biometano no Brasil: empresas, investidores, pesquisadores, extensionistas e acad\u00eamicos.<\/p>\n<\/div>\n<\/div>\n\n\n\n<h3 class=\"wp-block-heading\">A 8\u00aa edi\u00e7\u00e3o do F\u00f3rum j\u00e1 possui data, ser\u00e1 de 14 a 16 de abril de 2026 em Foz do Igua\u00e7u, PR!<\/h3>\n\n\n\n<p class=\"has-text-align-center\" style=\"font-size:22px\"><em><strong><mark style=\"background-color:rgba(0, 0, 0, 0)\" class=\"has-inline-color has-black-color\">Acesse o site do evento:<\/mark> <a href=\"https:\/\/biogasebiometano.com.br\/\" data-type=\"link\" data-id=\"https:\/\/biogasebiometano.com.br\/\" target=\"_blank\" rel=\"noreferrer noopener\"><mark style=\"background-color:rgba(0, 0, 0, 0)\" class=\"has-inline-color has-vivid-cyan-blue-color\">8\u00b0 FSBBB<\/mark><\/a><\/strong><\/em><\/p>\n\n\n\n<p><mark style=\"background-color:rgba(0, 0, 0, 0)\" class=\"has-inline-color has-white-color\">a<\/mark><\/p>\n\n\n\n<h6 class=\"wp-block-heading has-text-align-center\">Realiza\u00e7\u00e3o<\/h6>\n\n\n\n<div class=\"wp-block-columns is-layout-flex wp-container-core-columns-is-layout-9d6595d7 wp-block-columns-is-layout-flex\">\n<div class=\"wp-block-column is-layout-flow wp-block-column-is-layout-flow\">\n<div class=\"wp-block-columns is-layout-flex wp-container-core-columns-is-layout-9d6595d7 wp-block-columns-is-layout-flex\">\n<div class=\"wp-block-column is-layout-flow wp-block-column-is-layout-flow\">\n<figure class=\"wp-block-image size-full\"><img loading=\"lazy\" decoding=\"async\" width=\"380\" height=\"146\" src=\"https:\/\/sbera.org.br\/novo\/wp-content\/uploads\/2022\/06\/cibiogas-logo.png\" alt=\"\" class=\"wp-image-245\" srcset=\"https:\/\/sbera.org.br\/novo\/wp-content\/uploads\/2022\/06\/cibiogas-logo.png 380w, https:\/\/sbera.org.br\/novo\/wp-content\/uploads\/2022\/06\/cibiogas-logo-300x115.png 300w\" sizes=\"auto, (max-width: 380px) 100vw, 380px\" \/><\/figure>\n<\/div>\n\n\n\n<div class=\"wp-block-column is-layout-flow wp-block-column-is-layout-flow\">\n<figure class=\"wp-block-image size-full\"><img loading=\"lazy\" decoding=\"async\" width=\"1024\" height=\"522\" src=\"https:\/\/sbera.org.br\/novo\/wp-content\/uploads\/2022\/06\/embrapa-1024x522-1.png\" alt=\"\" class=\"wp-image-246\" srcset=\"https:\/\/sbera.org.br\/novo\/wp-content\/uploads\/2022\/06\/embrapa-1024x522-1.png 1024w, https:\/\/sbera.org.br\/novo\/wp-content\/uploads\/2022\/06\/embrapa-1024x522-1-300x153.png 300w, https:\/\/sbera.org.br\/novo\/wp-content\/uploads\/2022\/06\/embrapa-1024x522-1-768x392.png 768w\" sizes=\"auto, (max-width: 1024px) 100vw, 1024px\" \/><\/figure>\n<\/div>\n<\/div>\n<\/div>\n\n\n\n<div class=\"wp-block-column is-layout-flow wp-block-column-is-layout-flow\">\n<div class=\"wp-block-columns is-layout-flex wp-container-core-columns-is-layout-9d6595d7 wp-block-columns-is-layout-flex\">\n<div class=\"wp-block-column is-layout-flow wp-block-column-is-layout-flow\">\n<figure class=\"wp-block-image size-full\"><img loading=\"lazy\" decoding=\"async\" width=\"1024\" height=\"522\" src=\"https:\/\/sbera.org.br\/novo\/wp-content\/uploads\/2022\/06\/ucs-1-1024x522-1.png\" alt=\"\" class=\"wp-image-248\" srcset=\"https:\/\/sbera.org.br\/novo\/wp-content\/uploads\/2022\/06\/ucs-1-1024x522-1.png 1024w, https:\/\/sbera.org.br\/novo\/wp-content\/uploads\/2022\/06\/ucs-1-1024x522-1-300x153.png 300w, https:\/\/sbera.org.br\/novo\/wp-content\/uploads\/2022\/06\/ucs-1-1024x522-1-768x392.png 768w\" sizes=\"auto, (max-width: 1024px) 100vw, 1024px\" \/><\/figure>\n<\/div>\n\n\n\n<div class=\"wp-block-column is-layout-flow wp-block-column-is-layout-flow\">\n<figure class=\"wp-block-image size-full\"><img loading=\"lazy\" decoding=\"async\" width=\"1024\" height=\"522\" src=\"https:\/\/sbera.org.br\/novo\/wp-content\/uploads\/2022\/06\/sbera-1-1024x522-1.png\" alt=\"\" class=\"wp-image-249\" srcset=\"https:\/\/sbera.org.br\/novo\/wp-content\/uploads\/2022\/06\/sbera-1-1024x522-1.png 1024w, https:\/\/sbera.org.br\/novo\/wp-content\/uploads\/2022\/06\/sbera-1-1024x522-1-300x153.png 300w, https:\/\/sbera.org.br\/novo\/wp-content\/uploads\/2022\/06\/sbera-1-1024x522-1-768x392.png 768w\" sizes=\"auto, (max-width: 1024px) 100vw, 1024px\" \/><\/figure>\n<\/div>\n<\/div>\n<\/div>\n<\/div>\n","protected":false},"excerpt":{"rendered":"<p>O objetivo do F\u00f3rum \u00e9 contribuir para o desenvolvimento da cadeia de biog\u00e1s e biometano nos estados do Rio Grande do Sul, Santa Catarina e Paran\u00e1, como tamb\u00e9m em todo &#8230;<\/p>\n","protected":false},"author":3,"featured_media":0,"parent":0,"menu_order":0,"comment_status":"closed","ping_status":"closed","template":"template-fullwidth.php","meta":{"footnotes":""},"class_list":["post-239","page","type-page","status-publish","hentry"],"_links":{"self":[{"href":"https:\/\/sbera.org.br\/novo\/wp-json\/wp\/v2\/pages\/239","targetHints":{"allow":["GET"]}}],"collection":[{"href":"https:\/\/sbera.org.br\/novo\/wp-json\/wp\/v2\/pages"}],"about":[{"href":"https:\/\/sbera.org.br\/novo\/wp-json\/wp\/v2\/types\/page"}],"author":[{"embeddable":true,"href":"https:\/\/sbera.org.br\/novo\/wp-json\/wp\/v2\/users\/3"}],"replies":[{"embeddable":true,"href":"https:\/\/sbera.org.br\/novo\/wp-json\/wp\/v2\/comments?post=239"}],"version-history":[{"count":11,"href":"https:\/\/sbera.org.br\/novo\/wp-json\/wp\/v2\/pages\/239\/revisions"}],"predecessor-version":[{"id":1173,"href":"https:\/\/sbera.org.br\/novo\/wp-json\/wp\/v2\/pages\/239\/revisions\/1173"}],"wp:attachment":[{"href":"https:\/\/sbera.org.br\/novo\/wp-json\/wp\/v2\/media?parent=239"}],"curies":[{"name":"wp","href":"https:\/\/api.w.org\/{rel}","templated":true}]}}