{"id":397,"date":"2022-06-29T13:18:05","date_gmt":"2022-06-29T16:18:05","guid":{"rendered":"https:\/\/sbera.org.br\/novo\/?page_id=397"},"modified":"2022-06-29T13:19:24","modified_gmt":"2022-06-29T16:19:24","slug":"glossario-de-termos-associados-ao-manejo-de-residuos-da-producao-animal","status":"publish","type":"page","link":"https:\/\/sbera.org.br\/novo\/glossario-de-termos-associados-ao-manejo-de-residuos-da-producao-animal\/","title":{"rendered":"Gloss\u00e1rio"},"content":{"rendered":"\n<div class=\"wp-block-columns is-layout-flex wp-container-core-columns-is-layout-9d6595d7 wp-block-columns-is-layout-flex\">\n<div class=\"wp-block-column is-layout-flow wp-block-column-is-layout-flow\" style=\"flex-basis:33.33%\">\n<figure class=\"wp-block-image size-full\"><img loading=\"lazy\" decoding=\"async\" width=\"488\" height=\"695\" src=\"https:\/\/sbera.org.br\/novo\/wp-content\/uploads\/2022\/06\/glossario.png\" alt=\"\" class=\"wp-image-398\" srcset=\"https:\/\/sbera.org.br\/novo\/wp-content\/uploads\/2022\/06\/glossario.png 488w, https:\/\/sbera.org.br\/novo\/wp-content\/uploads\/2022\/06\/glossario-211x300.png 211w\" sizes=\"auto, (max-width: 488px) 100vw, 488px\" \/><\/figure>\n<\/div>\n\n\n\n<div class=\"wp-block-column is-layout-flow wp-block-column-is-layout-flow\" style=\"flex-basis:66.66%\">\n<h5 class=\"wp-block-heading\">Gloss\u00e1rio de termos associados ao manejo de res\u00edduos da produ\u00e7\u00e3o animal<\/h5>\n\n\n\n<p><\/p>\n\n\n\n<p><strong>Editores:<\/strong> SALAZAR, F.; CHARLON, V.; PALHARES, J. C. P.<\/p>\n\n\n\n<p><strong>Ano de publica\u00e7\u00e3o:<\/strong> 2019<\/p>\n\n\n\n<p><strong>Tipo de publica\u00e7\u00e3o:<\/strong>&nbsp;Gloss\u00e1rio<\/p>\n\n\n\n<p><strong>Palavras-chave:<\/strong> Manejo de res\u00edduos. Sistema produ\u00e7\u00e3o animal.  Gloss\u00e1rio tril\u00edngue<\/p>\n\n\n\n<p><\/p>\n\n\n\n<p><\/p>\n\n\n\n<div class=\"wp-block-buttons is-layout-flex wp-block-buttons-is-layout-flex\">\n<div class=\"wp-block-button\"><a class=\"wp-block-button__link\" href=\"https:\/\/sbera.org.br\/novo\/wp-content\/uploads\/2022\/06\/glossario_2019-final-2.pdf\">Baixar publica\u00e7\u00e3o (PDF)<\/a><\/div>\n<\/div>\n<\/div>\n<\/div>\n","protected":false},"excerpt":{"rendered":"<p>Gloss\u00e1rio de termos associados ao manejo de res\u00edduos da produ\u00e7\u00e3o animal Editores: SALAZAR, F.; CHARLON, V.; PALHARES, J. C. P. Ano de publica\u00e7\u00e3o: 2019 Tipo de publica\u00e7\u00e3o:&nbsp;Gloss\u00e1rio Palavras-chave: Manejo de &#8230;<\/p>\n","protected":false},"author":3,"featured_media":0,"parent":0,"menu_order":0,"comment_status":"closed","ping_status":"closed","template":"template-fullwidth.php","meta":{"footnotes":""},"class_list":["post-397","page","type-page","status-publish","hentry"],"_links":{"self":[{"href":"https:\/\/sbera.org.br\/novo\/wp-json\/wp\/v2\/pages\/397","targetHints":{"allow":["GET"]}}],"collection":[{"href":"https:\/\/sbera.org.br\/novo\/wp-json\/wp\/v2\/pages"}],"about":[{"href":"https:\/\/sbera.org.br\/novo\/wp-json\/wp\/v2\/types\/page"}],"author":[{"embeddable":true,"href":"https:\/\/sbera.org.br\/novo\/wp-json\/wp\/v2\/users\/3"}],"replies":[{"embeddable":true,"href":"https:\/\/sbera.org.br\/novo\/wp-json\/wp\/v2\/comments?post=397"}],"version-history":[{"count":3,"href":"https:\/\/sbera.org.br\/novo\/wp-json\/wp\/v2\/pages\/397\/revisions"}],"predecessor-version":[{"id":404,"href":"https:\/\/sbera.org.br\/novo\/wp-json\/wp\/v2\/pages\/397\/revisions\/404"}],"wp:attachment":[{"href":"https:\/\/sbera.org.br\/novo\/wp-json\/wp\/v2\/media?parent=397"}],"curies":[{"name":"wp","href":"https:\/\/api.w.org\/{rel}","templated":true}]}}